pose 0*y + 5*y = -t - 6, -4*y = 2*t. Let g be -1*(-7 - (-27)/9). Is (y + 315/g)*4 composite?
False
Let x be 3 - (4 + 571 + 0). Let i = -361 - x. Is i a composite number?
False
Suppose u - 6*u - 15 = 0. Let m(h) = -66*h + 11. Let l(c) = -132*c + 21. Let x(a) = 4*l(a) - 7*m(a). Is x(u) composite?
True
Suppose 10*n - 318 = -118. Is (-2326)/(-3)*30/n a prime number?
True
Suppose -3*u + 119935 = -4*x + 6*x, -3*u + 119925 = -3*x. Is u composite?
True
Suppose 5*h + 16 = -4, 0 = 4*p - 5*h - 10700. Let l = -1093 + p. Is l a composite number?
True
Suppose -p - 2*p + 4*j - 11 = 0, 5 = -5*p + 4*j. Suppose 1405 = 2*o + 4*y - 3*y, -o - p*y = -700. Is o composite?
True
Let b(k) = -k**3 + 1. Let i(s) = s**3 - 4*s. Let y(r) = -2*b(r) - i(r). Let v be 14/105 - (-2 - (-86)/(-30)). Is y(v) prime?
False
Let u be 7*((-80)/(-126) - 34/(-153)). Is (-106*21/(-24))/(u/24) a prime number?
False
Let q = -3736 - -7047. Suppose -z = -5*t - 1410 + q, -2*z = -t + 382. Suppose 2*d + 2*d = t. Is d a prime number?
False
Let u = 538 + -364. Suppose -a + 4 = 3*j + 56, a + 28 = 5*j. Let c = u + a. Is c a composite number?
False
Suppose -3*j + 2*c = -5*j + 718, -1073 = -3*j - 2*c. Let y = 17 + -10. Suppose 4*u + 4*v - y*v - j = 0, u - 3*v - 82 = 0. Is u prime?
False
Let o = 13887 - 3328. Is o a prime number?
True
Let v = -15 - -10. Let p(o) = 9*o**2 - o - 11. Let k be p(v). Suppose 0 = -4*j + k + 109. Is j prime?
False
Suppose -4*f + 0*f = 5*h + 724, -f - 194 = -2*h. Let o = 13 - f. Is o a prime number?
True
Is 23966/(-1)*((-270)/36 - -7) a composite number?
True
Suppose -2*y - 4*o + 8830 = 0, -1 = -34*o + 33*o. Is y a composite number?
True
Let c(i) = i**2 + 10*i + 13. Suppose 3*h + 13 - 4 = -2*j, -h = 4*j + 33. Let a be c(j). Suppose 8*x + 6254 = 4*g + 3*x, a*x = -8. Is g a composite number?
True
Let n(o) = o**3 - 22*o**2 + 25*o - 17. Let u(z) = -3*z - 16. Let h be u(-13). Is n(h) composite?
False
Let c(m) = m**2 + 3*m - 8. Let k be c(-5). Let b be (356/(-5))/(k/(-30)). Suppose y + 1325 = 6*y - 5*f, 4*y = 2*f + b. Is y a prime number?
True
Let a be 417/9 + (-4)/(-6). Suppose -2*b = -b, -r - 292 = -b. Let q = a - r. Is q a composite number?
True
Suppose 4*n = 42*f - 46*f + 144168, -72099 = -2*n - 5*f. Is n a prime number?
True
Let q = 50 + 5. Suppose -6*u + q = -5*u. Is u prime?
False
Suppose -h - 252 = h. Is 2 - (-2 - (-3 - h)) composite?
False
Let b(t) be the first derivative of t**3/3 + 9*t**2/2 + 5. Let g be b(-9). Suppose g = -5*y + 695 + 320. Is y a composite number?
True
Suppose 5*m - 4*g = 3377, 2*m - 1531 = 3*g - 176. Is m a composite number?
False
Suppose -3 = -z, 0*x = -3*x + 2*z + 2079. Is x a composite number?
True
Suppose -3*f - f + 2*h = -6, -3 = 5*f + h. Let k(q) = 0*q - q + 19 + 6. Is k(f) a composite number?
True
Is (12 - 13)*(-6836)/4*1 a prime number?
True
Suppose -106 = -3*z - m, -5*z + 178 = -4*m + 5*m. Suppose -5*u + 29 = w, 3*w - z = -5*u + 1. Suppose 196 = 4*f - 3*l, -w*l + 2*l + 176 = 4*f. Is f prime?
False
Let o be (18 - 6)/(-1 - -3). Let l(n) = 19*n**2 - 5 + 1 - 4 + o. Is l(2) a composite number?
True
Suppose -5*p + 1077931 = -4*r + 5*r, 8 = -2*r. Is p prime?
True
Let d be (8 - -19)*(1 + 58) - 1. Suppose 5*n - d = 3683. Is n prime?
False
Suppose -6*j + 2654 = -268. Is j a prime number?
True
Suppose 4*p = -0*p. Suppose 3*s + 0 + 6 = p. Is (4/s - -570) + -3 composite?
True
Let h(j) be the second derivative of j**5/20 - 13*j**4/12 + j**3/3 + 51*j**2/2 + 19*j. Is h(16) a prime number?
False
Let y = -27 + 11. Let c(r) = -13*r**2 - 19*r + 11. Let f(q) = 37*q**2 + 55*q - 34. Let a(w) = 17*c(w) + 6*f(w). Is a(y) a composite number?
False
Suppose 0 = -5*q + 4*u + 63801, 2*u = -4*q - 2*u + 51048. Is q composite?
True
Let c(l) = 1777*l**2 + 5. Let r be c(-5). Is ((-3)/(-2) - 0)*r/45 a prime number?
True
Suppose 33 = -58*t + 61*t. Suppose 19*a - t*a - 5624 = 0. Is a prime?
False
Let f(d) = 4*d**2 + d - 1. Let j be f(-1). Suppose -j*t + 5*g + 1738 = -0*t, 4*t = -2*g + 3524. Is t prime?
False
Let j = -17 - -17. Suppose 2*a + 4*r - 2250 = j, 304 = -4*a - 4*r + 4788. Is a composite?
False
Is (1/2*-977)/(8/(-112)) composite?
True
Let w be (-1 - 0) + (-11)/11. Let s(q) = 11*q**2 - q + 17*q**2 - 1 - 9*q**2. Is s(w) prime?
False
Let c = 702 + -242. Let r = -201 + c. Let n = r + -140. Is n composite?
True
Let v(z) be the third derivative of z**5/5 - 5*z**4/24 + 5*z**3/2 + 12*z**2. Is v(8) composite?
False
Suppose 6*x + 0*x - 132 = 0. Let a(r) = 88*r**3 + 0 - x*r**3 - 1. Is a(1) prime?
False
Let i(h) = 2579*h**2 + 4*h - 4. Is i(1) a composite number?
False
Suppose -5*j + 11935 = -4985. Is (-2)/(2 + j/(-1689)) prime?
True
Suppose 4*f - 3*f - 3*n + 7 = 0, -4*f - 13 = 3*n. Is 308 - 0 - (f + 5) composite?
False
Let v(z) = 6*z**3 + 4. Let u(o) = o**3 - o**2 + 2*o + 2. Let i be u(-1). Let l be v(i). Let d = 79 + l. Is d a prime number?
False
Let t(l) = -8*l - 32. Let p(y) = y - 1. Let j(g) = 3*p(g) + t(g). Is j(-12) prime?
False
Let j = 2 + -14. Let c be (j/(-9))/((-4)/(-12)). Is (-1)/(-4) - (-507)/c a composite number?
False
Suppose -15*s = -11*s - 12. Is (-4)/6 - (-176)/s composite?
True
Suppose -2*x + 405 + 133 = 0. Let y = x + -177. Let d = y - 61. Is d prime?
True
Suppose 0 = -10*o + 1006690 + 131740. Is o prime?
True
Let j be (-6)/5*(-2605)/2. Suppose 2 = -2*b - 2*w, -4*b + 4*w = -11 - 17. Suppose b*o + 216 = j. Is o a prime number?
True
Let c(k) = -108*k. Let h be c(-5). Suppose 84 = 3*o + 5*n, 0*o - 5*o + 5*n + 100 = 0. Suppose o = -w + h. Is w prime?
False
Suppose 0 = -5*z - 5*g + 99975, -z = 3*z - g - 80000. Is z a composite number?
True
Suppose 0*d = 5*d - 15. Suppose 3*k - d*c = 690, 0 = 6*k - 3*k - 4*c - 689. Let g = k + -137. Is g prime?
False
Let s = -236 - -667. Suppose -3*w - 3*p + 3 = 0, -w + 11*p = 13*p. Suppose -3*h + s = -4*r, h - w*r + r - 145 = 0. Is h prime?
True
Let m(y) = 2145*y + 20. Is m(37) a composite number?
True
Let t(r) = -r**2 + r. Let c(k) = 31*k**2 + k - 1. Let u(w) = c(w) - 4*t(w). Is u(7) prime?
True
Suppose 0 = 23*b - 1028206 - 828009. Is b a prime number?
False
Let m = 48554 + -18177. Is m a composite number?
True
Let j(y) = 15699*y + 272. Is j(1) prime?
True
Let g(s) = s**3 - s - 1. Let o(x) = 28*x**3 + 4*x**2 + 4*x. Let r(b) = 3*g(b) - o(b). Is r(-4) composite?
True
Let x be 3 - 45/(-4 - -7). Let z be (12/(-24))/((-2)/x). Is (-191)/(0 + (z - -2)) composite?
False
Suppose 3*o + 91792 = 19*o. Is o a composite number?
False
Let j = 28431 - 16754. Is j prime?
True
Is ((-20)/(-6))/(-10)*(-165486)/2 a composite number?
False
Let g be 1 + (14 + 27)/((-1)/(-7)). Suppose 0 = 2*v - 238 - g. Is v a prime number?
True
Suppose 0 = t - 5*t + 300. Let o = t - 37. Suppose -50 = -4*h + o. Is h composite?
True
Let q(b) be the first derivative of b**4/6 - b**3/2 - 3*b**2/2 - 9. Let a(z) be the second derivative of q(z). Is a(7) a composite number?
True
Let w(d) be the third derivative of -17*d**4/6 - 29*d**3/6 - 31*d**2. Is w(-7) prime?
False
Let t(v) = 55*v**3 - 2*v**2 - 3*v - 3. Let k be t(4). Let h = k - 2310. Is h a composite number?
False
Let s be (-675)/99 - 2/11. Let l be (1 - s)*(-1)/2. Is (10/4)/(l/(-296)) a composite number?
True
Suppose -6*z = 3*z - 19863. Is z a prime number?
True
Is (-21 + 19)*5059/(-2) a prime number?
True
Let h(i) = 151*i - 169. Is h(70) prime?
False
Suppose -4*y + 10 - 2 = 0. Let a(t) = 0*t**2 + 5*t + 3*t**2 + 11 - t**3 + 0*t**y + 8*t**2. Is a(10) composite?
True
Suppose -10 = -4*m + 2. Suppose 3*t + 6 = 0, m*h - t = h + 1006. Is h a prime number?
False
Let h = 3507 + -1192. Is (-4 + h/(-20))*-4 prime?
True
Let l(k) be the first derivative of -5*k**4/2 + k**2/2 - 4*k + 13. Is l(-5) a prime number?
False
Let a = 8628 - 6087. Let t = -1489 + a. Suppose -2*r = 2*r - t. Is r a composite number?
False
Suppose -n + 73690 = 2*f - 95693, 5*f + 5*n - 423460 = 0. Is f a prime number?
True
Suppose 2*b + 23613 = 5*f, -f - 5*b = -0*b - 4701. Is f a prime number?
True
Let s(z) = z**3 - 10*z**2 + 7*z + 28. Let b be s(9). Is (-9944)/(-40) - (-4)/b a composite number?
True
Let x(y) be the second derivative of -y**6/360 + y**5/120 + 13*y**4/24 - 7*y**3/6 + 9*y. Let o(g) be the second derivative of x(g). Is o(0) composite?
False
Let a(q) = q**2 - 6*q - 8. Let v be a(6). Let y be 6*(4/v + -3). Is (-142)/(-3) - (-7)/y composite?
False
Let y 